31221
In base 5, what is 230143 - -10?
230203
In base 10, what is -1 + -322?
-323
In base 12, what is 55 + -7?
4a
In base 6, what is -5 - 103?
-112
In base 2, what is -11101 - 0?
-11101
In base 16, what is -3 + ee?
eb
In base 6, what is -105 - -1?
-104
In base 15, what is d - 398?
-38a
In base 16, what is -10e - -6?
-108
In base 2, what is 100 + 10110000?
10110100
In base 16, what is 10 - -93?
a3
In base 14, what is 1c5 + 2?
1c7
In base 2, what is -11 + -11110110011?
-11110110110
In base 6, what is 53 + 1301?
1354
In base 16, what is -92 - 9?
-9b
In base 4, what is -2120 + 230?
-1230
In base 2, what is -1100101010010 + 110?
-1100101001100
In base 3, what is 112 + 2102?
2221
In base 10, what is 5 - -1280?
1285
In base 12, what is 1a8 + 2?
1aa
In base 16, what is 2b - -3?
2e
In base 7, what is -26 - 2151?
-2210
In base 16, what is -6 - -d3?
cd
In base 7, what is -2 + 1106?
1104
In base 15, what is d + 16?
24
In base 8, what is 14 + 370?
404
In base 4, what is 10 + -333?
-323
In base 6, what is -431 - 5?
-440
In base 3, what is -102 - 101?
-210
In base 9, what is -2 + 1545?
1543
In base 6, what is -3 + 51?
44
In base 12, what is 45 - -173?
1b8
In base 6, what is -2 - -242?
240
In base 11, what is 2 + -65a?
-658
In base 15, what is 6a + 11?
7b
In base 8, what is -333 + 3?
-330
In base 7, what is 32 - -24?
56
In base 5, what is -3 + -421?
-424
In base 16, what is 5 - 1e?
-19
In base 14, what is 0 + -1a?
-1a
In base 13, what is -4 - 445?
-449
In base 15, what is -2 + 5d?
5b
In base 8, what is -5 + -1704?
-1711
In base 14, what is 16 + -1?
15
In base 4, what is 20 - -103321?
110001
In base 6, what is -432500 - -4?
-432452
In base 14, what is 6aa0 + -5?
6a99
In base 2, what is -11110 - 10?
-100000
In base 2, what is 0 - -10110?
10110
In base 8, what is -20 + 16?
-2
In base 2, what is -10 + -11111?
-100001
In base 11, what is -1 + 28?
27
In base 11, what is 6 - -1?
7
In base 4, what is 0 + 1113321?
1113321
In base 10, what is 174 - -21?
195
In base 5, what is -1 - -342?
341
In base 14, what is -2 - -c?
a
In base 2, what is -1001101000011011 - 0?
-1001101000011011
In base 7, what is -1 + 42?
41
In base 3, what is 20 + -220?
-200
In base 5, what is 10 - -2310?
2320
In base 7, what is 4 - 442?
-435
In base 4, what is -202 + 10?
-132
In base 12, what is -156 - -8?
-14a
In base 11, what is 165 - 2?
163
In base 15, what is 9 - -4?
d
In base 9, what is -345 + 4?
-341
In base 6, what is 1244 + -3?
1241
In base 5, what is -12 - -20?
3
In base 3, what is 10 + 11011?
11021
In base 11, what is 110 - -38?
148
In base 16, what is -3e + -e?
-4c
In base 15, what is 5c + 1?
5d
In base 10, what is -9 - 6?
-15
In base 4, what is -1 - 2013?
-2020
In base 7, what is -2 - 41?
-43
In base 8, what is -1255 - -4?
-1251
In base 3, what is -1 - -1112012?
1112011
In base 9, what is -3 + 540?
536
In base 13, what is 1 + a5c?
a60
In base 2, what is 111011 + -101?
110110
In base 3, what is 10 + -1202?
-1122
In base 9, what is -338 + 101?
-237
In base 15, what is -6 + -813?
-819
In base 7, what is -1 + -5622?
-5623
In base 4, what is -1231 + 1?
-1230
In base 5, what is 4230 - 3?
4222
In base 13, what is -23 + 7?
-19
In base 9, what is -5 - 4?
-10
In base 16, what is 6e - -5?
73
In base 7, what is -1 + 11443?
11442
In base 11, what is -25a - 0?
-25a
In base 9, what is -3 + -40?
-43
In base 7, what is 11142 - 2?
11140
In base 14, what is -12 - 4?
-16
In base 14, what is -4 - 35?
-39
In base 14, what is -2 + 5c?
5a
In base 15, what is -9 - 2?
-b
In base 6, what is 102240 - 1?
102235
In base 8, what is -10 - 3003?
-3013
In base 8, what is 1 - -150?
151
In base 7, what is -43564 + 0?
-43564
In base 4, what is 10 - 31?
-21
In base 8, what is 733 - 3?
730
In base 10, what is -2 + 744?
742
In base 8, what is -52 + -33?
-105
In base 8, what is -640 + -5?
-645
In base 13, what is a + -10?
-3
In base 15, what is -617 + 3?
-614
In base 6, what is 32 + 223?
255
In base 13, what is 1 + 1173?
1174
In base 3, what is 0 - 2100221?
-2100221
In base 12, what is 530 + 12?
542
In base 15, what is 4 - 8d5?
-8d1
In base 7, what is 61 + 35?
126
In base 3, what is -2 - 12210111?
-12210120
In base 12, what is 1a + 2?
20
In base 5, what is -122 + -1?
-123
In base 9, what is -14 - -27?
13
In base 3, what is 12 + -220?
-201
In base 2, what is 10000100001000001 + 11?
10000100001000100
In base 14, what is ab - 49?
62
In base 15, what is 5 + -62?
-5c
In base 10, what is 13870 - -4?
13874
In base 11, what is -27 - 22?
-49
In base 13, what is 82a - 2?
828
In base 15, what is -a - 17?
-22
In base 3, what is 122221 - 11?
122210
In base 7, what is 2 + -35?
-33
In base 10, what is 6 + 32?
38
In base 16, what is 4d + -2?
4b
In base 3, what is -12 - -111?
22
In base 14, what is -5 - 69a?
-6a1
In base 16, what is -9 - -b?
2
In base 12, what is 6 + -87?
-81
In base 3, what is 10 - 1222?
-1212
In base 4, what is 0 + -1132?
-1132
In base 4, what is -23 + -13?
-102
In base 16, what is -4 - 1a2?
-1a6
In base 11, what is 2 - 27?
-25
In base 13, what is 21 + -63?
-42
In base 8, what is -4 + 345?
341
In base 2, what is 110100 + 1111000?
10101100
In base 13, what is 520 + -11?
50c
In base 12, what is -3 - 256?
-259
In base 9, what is -4 - 4084?
-4088
In base 16, what is 78 + 2?
7a
In base 3, what is 21 + 12?
110
In base 4, what is 30003 + 2?
30011
In base 16, what is -f3 - -2?
-f1
In base 11, what is 0 - -a4?
a4
In base 11, what is 1228 - -5?
1232
In base 11, what is -a + 33?
24
In base 10, what is 225 - -4?
229
In base 16, what is 1c - -1e5?
201
In base 5, what is 0 + 332?
332
In base 12, what is -97 - -7?
-90
In base 7, what is 1403 - 4?
1366
In base 4, what is 231 + -1?
230
In base 15, what is -3 + 29?
26
In base 16, what is -4 + -50?
-54
In base 9, what is -86 + 1?
-85
In base 7, what is -3 + 41?
35
In base 9, what is -75 - 28?
-114
In base 12, what is -202 + -3?
-205
In base 4, what is 10 + 31000?
31010
In base 4, what is 23321 + -20?
23301
In base 5, what is -123 + -1?
-124
In base 15, what is -1 + 120d?
120c
In base 4, what is -20 + -11100?
-11120
In base 3, what is 1 + 10012021?
10012022
In base 11, what is -37 + 13?
-24
In base 10, what is -2 - 1202?
-1204
In base 8, what is -3 - 2302?
-2305
In base 6, what is 3 + -12423?
-12420
In base 4, what is -12 + -211031?
-211103
In base 12, what is -5 - -1a7?
1a2
In base 6, what is 2 + 13323?
13325
In base 11, what is -1 - 2a61?
-2a62
In base 5, what is 1001 + -10?
441
In base 10, what is -278 + 4?
-274
In base 15, what is -2 - -34b?
349
In base 3, what is -10 + -12100220?
-12101000
In base 14, what is -481 - 0?
-481
In base 15, what is 2c - 5?
27
In base 7, what is -4 - -22?
15
In base 3, what is -2002 - 110000?
-112002
In base 12, what is -7b9 + -5?
-802
In base 15, what is 356 + -1?
355
In base 3, what is 2 - 100112?
-100110
In base 14, what is 5a3 + -5?
59c
In base 3, what is -220201 + -1?
-220202
In base 7, what is -3 - 136?
-142
In base 9, what is -701 - -3?
-687
In base 16, what is -5 - -1f?
1a
In base 14, what is -21 - -5?
-1a
In base 4, what is 1120 - -10?
1130
In base 6, what is -213 - 3?
-220
In base 8, what is -12 + 6?
-4
In base 4, what is 11 - 13?
-2
In base 7, what is -2 - 325?
-330
In base 3, what is -11012110 + 11?
-11012022
In base 10, what is 8 - 25?
-17
In base 7, what is -114 - 20?
-134
In base 7, what is 201 + -2?
166
In base 4, what is -33112 - -120?
-32332
In base 5, what is 22 + 133?
210
In base 16, what is -15 - 2f?
-44
In base 2, what is 101 + 10011101?
10100010
In base 11, what is -52 + -8?
-5a
In base 15, what is -6 + -2c?
-33
In base 5, what is 1203 - -12?
1220
In base 10, what is 2 + 344?
346
In base 9, what is 5 + 40?
45
In base 13, what is 613 + 5?
618
In base 16, what is -d - f?
-1c
In base 3, what is -121210 - 10?
-121220
In base 10, what is -11215 - 0?
-11215
In base 8, what is 60 - -27?
107
In base 8, what is 25 + -104?
-57
In base 2, what is -100 - 10110111?
-10111011
In base 9, what is 145 + -5?
140
In base 16, what is 15 + 5?
1a
In base 14, what is d2a + 2?
d2c
In base 10, what is -366 - -3?
-363
In base 8, what is -36676 - 4?
-36702
In base 11, what is -355 - 2?
-357
In base 7, what is 10 + 114?
124
In base 14, what is -3 - c9?
-cc
In base 6, what is 50222 + -2?
50220
In base 14, what is -8 + 159?
151
In base 2, what is -100111100 - 100?